r**2 - 3*r + 2. Let o(s) = s - 4. Let x be o(6). Let q be n(x). Let b = -5029 + 5093. Calculate the highest common divisor of q and b.
16
Suppose -1471*f + 5073 = -1468*f. Calculate the highest common divisor of f and 267.
89
Let v(z) = -z**3 + 33*z**2 + 35*z + 77. Let l be v(34). Suppose o - 71 = 46. Let k = o - l. Calculate the highest common factor of 21 and k.
3
Suppose -4*c = -0*c - 4. Let j(x) be the first derivative of 41*x**2/2 - 202*x + 117. Let v be j(5). What is the highest common factor of v and c?
1
Suppose -72*m + 53667 = 3*m + 14*m. What is the greatest common divisor of 63 and m?
9
Let k be 6/12 + (-1594)/(-4). Suppose v = -2*x + 831, 44*x = 45*x - 5*v - k. What is the highest common factor of x and 92?
46
Let g = 13034 + -9630. What is the greatest common divisor of 74 and g?
74
Suppose -3*n + 21 = 12, -3*o + 4*n + 13323 = 0. What is the highest common divisor of o and 70?
35
Let m(y) = -y**2 - 8*y + 2. Let f be m(-8). Let k(l) = -2 - 17*l + 8 - f. Let h be k(-3). Calculate the greatest common factor of h and 33.
11
Let h = -30836 + 30878. Calculate the highest common factor of 22827 and h.
21
Let i(u) = 3*u**2 + 255*u - 4. Let f be i(6). What is the greatest common factor of f and 76?
38
Suppose 0 = -2*h + 2*w - 3*w + 1201, -3*w = -2*h + 1181. Suppose -4*d = 178 - h. What is the highest common factor of 63 and d?
21
Let d be 6/(-4)*2/3. Let c = 0 - d. Let l = -52 + 60. Calculate the highest common factor of c and l.
1
Suppose -6*t - 3*p = -1947, 2*t - 548 = p + 111. Calculate the highest common divisor of t and 3.
3
Suppose 2213 - 8456 - 1209 = -46*q. What is the greatest common divisor of q and 12?
6
Let k(o) = -1571*o + 3154. Let s be k(2). Calculate the greatest common factor of 9852 and s.
12
Let t(h) = 5*h + 2. Let q be t(6). Suppose 28*c - 80 = q*c. Let m = c - -28. What is the greatest common factor of 4 and m?
4
Let f(d) = -d**2 + 51*d + 147. Let v be f(25). Let i = v + -793. What is the greatest common factor of 44 and i?
4
Let y = 266 + -274. Let x be y/(-10)*5/2 + 32. Calculate the greatest common divisor of x and 1258.
34
Let n(p) = 2*p**3 - 22*p**2 - 37*p + 11. Let g be n(15). Calculate the highest common factor of 16 and g.
8
Let u(z) = -z**3 + 10*z**2 + 39*z + 12. Let n be (-2)/4*8*63/28. Let i be u(n). What is the highest common divisor of i and 80?
80
Let a(z) be the second derivative of z**3/3 - 13*z**2/2 + 15*z. Let l be a(11). Let t be (-3)/l + 412/3 - 2. What is the highest common factor of t and 15?
15
Let a(u) = -35*u + 1438. Let y be a(41). Suppose 5*w - 4*l - 52 = 39, 5*w - 71 = -l. Calculate the highest common divisor of y and w.
3
Suppose 89*q - 1020 = 23*q + 49*q. What is the highest common factor of q and 5860?
20
Let p = -26225 - -31476. Calculate the greatest common factor of p and 89.
89
Suppose 106*c - 5636 = 21924. Calculate the greatest common divisor of 6370 and c.
130
Let s(h) = -h**2 - 27*h + 24. Let t be s(-9). Suppose 20*o = 34 + t. What is the greatest common factor of 77 and o?
11
Let y = 601 - 529. Let n(z) = 14*z**2 - 14*z + 84. Let f be n(6). What is the greatest common factor of y and f?
72
Let o = -511 + 508. Let t(n) = n**2 - 12*n - 24. Let w be t(o). What is the highest common factor of 56 and w?
7
Suppose -5*w + 600 = 5*x, 9*w - 5*w = 3*x + 494. Let q = w + -126. Let n be ((-39)/(-9))/((q/(-30))/2). What is the highest common factor of n and 5?
5
Suppose 4*g = 12, 0 = -57*o + 55*o - g + 101. Calculate the highest common factor of o and 98.
49
Let m be -444*(4/(-14) + (-164)/112). Let l(k) = 5*k - 89. Let g be l(22). What is the highest common factor of g and m?
21
Let g(j) = j**3 - 147*j**2 + 856*j + 10. Let y be g(6). Calculate the highest common divisor of y and 742.
14
Suppose -5*f + 1078 - 178 = 0. Suppose -5*l + f = -0*l. Let r(a) = a**2 - 4*a - 12. Let z be r(7). What is the greatest common factor of l and z?
9
Let q(b) = 3*b**3 - 7*b**2 - 13*b + 5. Let u = 21 + -12. Let d = u + -4. Let l be q(d). What is the greatest common divisor of 28 and l?
28
Suppose 43*x - 19 = 24. Let i be (-10)/4*(154/(-10) + x). Calculate the greatest common factor of 27 and i.
9
Suppose -3*k = -b - 57, 41*b - 36*b = 4*k - 76. What is the highest common divisor of 2033 and k?
19
Let c(m) = -6*m**2 + 11*m**2 + 4*m - 64*m - 2*m**2. Let r be c(24). Calculate the highest common factor of 216 and r.
72
Let d(u) = -u**3 - 7*u**2 - 2*u - 14. Let p be d(-7). Let x be (-1 - (1 + 0)) + -2. Let m be (14 + x)/(1 + p). Calculate the greatest common factor of 80 and m.
10
Let f(p) = 14*p + 86. Let a be f(-6). Suppose a*g = n - 37, -n - 2*n + 111 = 5*g. Suppose -2*q + 59 + 89 = 0. Calculate the highest common divisor of q and n.
37
Let m(x) = -38*x**2 + 324*x + 8. Let y be m(8). What is the highest common factor of y and 1246?
14
Suppose 4*m + 34 = r, -2*r + 38 = m - 3*m. Let f be (8 - r)*96/(-9). Calculate the greatest common divisor of f and 192.
64
Let j(i) = 0*i**2 + 12*i - 3*i + 43 + i**2 + 3*i. Let n be j(-13). What is the greatest common divisor of n and 7?
7
Let t be -2*2 + -21 + 62. Let d(a) = -a**2 + 45*a - 68. Let m be d(t). What is the highest common divisor of m and 57?
57
Let g be 1/((-9)/(-4269)) + ((-30)/18)/5. Calculate the greatest common divisor of g and 5372.
158
Let w = -35 - -32. Let b be 11/2 - (-1 - w/2). Let h(s) = s**2 + 5*s + 8. Let f be h(b). Calculate the highest common divisor of f and 87.
29
Let s(k) = 5*k**3 - 2*k**2 - 8*k. Suppose 8 = 7*c - 5*c. Let m be s(c). Calculate the highest common factor of 64 and m.
64
Let b = -189 + 304. Let y = 27 + 19. Calculate the greatest common factor of b and y.
23
Let a be (626/(-2) - 2)/((-6)/(-4)). Let l = a - -232. What is the greatest common divisor of 176 and l?
22
Let h = 169 - 273. Let s = h + 164. Let d(v) = -4*v + 3. Let k be d(-3). Calculate the greatest common factor of s and k.
15
Let y = 3169 + -3145. What is the greatest common factor of 200 and y?
8
Let q(t) be the second derivative of -t**5/20 - t**4/6 + t**3/3 + 20*t**2 + t - 8. Let c be q(0). Calculate the highest common factor of 120 and c.
40
Let g be (-2)/((-188)/(-48) + -4). Suppose -7*q + g = 10. Suppose -q*z - 214 = -2*m, m + z = 130 - 13. What is the highest common divisor of 14 and m?
14
Let q = 22198 + -22108. What is the highest common factor of q and 2466?
18
Let s = 11013 + -6643. Calculate the greatest common factor of 345 and s.
115
Suppose -180*s + 184*s + 4*f - 3056 = 0, f + 2272 = 3*s. Calculate the highest common factor of s and 368.
23
Suppose 9*q - 15756 = 40377. Calculate the highest common divisor of q and 99.
99
Suppose -3*h - 14 - 10 = 0. Let o be 2/((-8)/h) + (-58)/(-2). Let q be 2 + o - (2 - 7). What is the greatest common factor of q and 38?
38
Let s = 3 - 4. Let v be s*6*50/(-4). Let u = 474 + -444. Calculate the highest common factor of v and u.
15
Let i be 2*((-8)/(-4) - 15). Let m = 40 + i. Suppose 45*s = 40*s + 105. Calculate the greatest common factor of m and s.
7
Let a = 1603 - 1577. What is the highest common divisor of a and 3562?
26
Let t(a) = 2*a**2 + 6*a - 4. Let n be t(-5). Let g = -133214 - -133230. What is the greatest common divisor of g and n?
16
Let d(u) = 78*u + 180. Let b be d(-2). What is the highest common divisor of b and 132?
12
Let n = -67 - -112. Let t be (-24)/(-10) + (-18)/n. Suppose 0 = 3*x + 6, 169 = s + 2*x + 165. Calculate the greatest common divisor of t and s.
2
Let g = 108 + -105. Suppose -3*l = 4*i - 76, g*i - 49 = 5*l - 166. Suppose -2*k = -3*k + 240. Calculate the greatest common divisor of l and k.
24
Suppose 4*t + 15 + 5 = 0, 2*t + 6 = -g. Suppose 2*a - a - g = j, -3*j - 6 = -2*a. Calculate the greatest common factor of 48 and a.
6
Let c = 326 - 557. Let j = 264 + c. Calculate the highest common factor of 33 and j.
33
Let d = -4213 - -4215. What is the greatest common divisor of d and 259?
1
Let s = -1402 + 1432. What is the highest common divisor of 3810 and s?
30
Suppose 162 = i - 3*v, -3*i = -6*i + 4*v + 476. Let d = i - 68. What is the highest common factor of d and 220?
44
Suppose -8*x + 540 = 4*u, x - 4*u - 66 - 15 = 0. Calculate the highest common factor of x and 1541.
23
Suppose 702*x = 699*x - 36. Let k be 5/(((-65)/x)/13). Calculate the highest common factor of k and 108.
12
Suppose 0 = -0*g -